- 184. Let s = l - 36. Calculate the highest common divisor of s and 14.
14
Let u(f) = f**3 + 24*f**2 - f + 10. Let z be u(-24). Let c = 424 + -186. What is the greatest common factor of z and c?
34
Let r be (-15)/(-60) + (-315)/(-4). Suppose 4*a + r = 279. What is the greatest common factor of a and 75?
25
Suppose -3*t = -5*m - 166, -44 = -2*t - 3*m + 35. Calculate the greatest common divisor of 2 and t.
1
Let h(i) be the third derivative of i**5/60 + i**4/8 + i**3/6 - i**2. Let c be h(-8). Let y = -27 + c. What is the highest common factor of y and 126?
14
Suppose 0 = -7*q + 477 - 85. Calculate the greatest common factor of q and 1288.
56
Let j be (-9680)/(-77) - 2/(-7). Suppose j = 9*x - 2*x. What is the greatest common divisor of 2 and x?
2
Let f = -58 - -56. Let i be -6*3/f*(-192)/(-18). What is the highest common divisor of 32 and i?
32
Let i = 1 - -21. Let p = 37 - i. Let q = p + -6. What is the highest common divisor of q and 72?
9
Let z = 49 - 49. Suppose -9*l + 26 + 19 = z. Let x = -46 - -81. What is the highest common factor of x and l?
5
Let j be 4*54/12 + 2. Calculate the greatest common factor of 130 and j.
10
Let w(g) = -4*g - 52. Let a be w(-15). Suppose -10*s = -a*s - 130. Calculate the greatest common factor of 5 and s.
5
Let t(l) = -9*l - 4. Let s(b) = -17*b - 8. Let i(u) = -2*s(u) + 5*t(u). Let a be i(-8). What is the highest common divisor of 56 and a?
28
Let y = -64 + 67. Suppose s - y = -c, 0*c - 25 = -5*s - 3*c. What is the greatest common factor of 40 and s?
8
Suppose -5*l + 70 = 15. Let s = 107 + -85. What is the highest common factor of s and l?
11
Let t be (-71)/(-9) - 2/(-18). Let z be 16/3*(-3)/(-2). What is the highest common divisor of t and z?
8
Let l(b) = 20*b**3 - 8*b**2 + 2*b + 6. Let v be l(3). Calculate the greatest common divisor of v and 60.
60
Let m(u) = -u**3 - 17*u**2 - 14*u + 57. Let n be m(-16). Calculate the greatest common factor of n and 7.
1
Let c(m) = 12*m + 59. Let h be c(-5). Let i be -1*(-41 - 5)*(0 - h). Calculate the greatest common factor of 184 and i.
46
Suppose 2*l - 16 = 3*p, 3*p + 14 = -l - p. Let q be (234/13)/(l*(-6)/(-8)). Calculate the greatest common factor of 48 and q.
12
Let i = 147 - 91. Let k be (4 + 81/6)*(-216)/(-45). Calculate the greatest common factor of k and i.
28
Suppose 5*f = 27 + 13. Suppose 2*l + 4410 - 4458 = 0. Calculate the highest common factor of l and f.
8
Suppose 568 = -5*i + 3448. What is the highest common divisor of i and 16?
16
Let n = 260 - 113. What is the greatest common factor of 98 and n?
49
Let n = -193 + 248. What is the greatest common factor of n and 11?
11
Let z be (4 - 45/6)/((-1)/2). Let c be (z/(-2) - -3)*-216. What is the highest common divisor of c and 12?
12
Let d(t) = -10*t - 14. Let o be ((-154)/33)/(4/6). Let r be d(o). Calculate the highest common factor of 7 and r.
7
Suppose 0 = -5*w + 187 - 32. Calculate the highest common divisor of 1 and w.
1
Suppose -72 - 72 = -8*o. What is the greatest common divisor of o and 27?
9
Let h be 18/3 - (1 + -3). Let w(j) = j**3 - 8*j**2 + j - 7. Let s be w(h). Calculate the greatest common divisor of s and 11.
1
Let y(k) = -k**2 - 11*k + 17. Let j be y(-12). Suppose 4*z - 2*u - 6 = 3*z, j*u = -10. Let o = -1 - -2. Calculate the highest common factor of o and z.
1
Suppose 10*i - 18 = 13*i. Let l be ((-63)/i + -3)*-2. Let u = -14 - l. What is the highest common factor of u and 8?
1
Let v = 378 + -367. Calculate the greatest common divisor of v and 539.
11
Let i be 3 + 49/(-7) - -156. What is the greatest common divisor of 24 and i?
8
Let l be 26/6*(2 + 7). What is the greatest common factor of 3 and l?
3
Let r = 156 - -33. What is the highest common factor of 42 and r?
21
Let d(n) = -3*n - 2. Let p be d(-5). Let k = p - -37. What is the greatest common divisor of k and 350?
50
Suppose -4*h + 48 = -j, 3*j = -3*h + 2*h + 12. Let r = h - 1. What is the greatest common factor of 99 and r?
11
Let g = -270 + 441. Calculate the greatest common factor of 19 and g.
19
Suppose 4 = p - 2. Suppose 60*m + 5 = 65*m. Suppose r + 4*h + 0 = p, -2*r = -5*h + m. What is the highest common factor of r and 2?
2
Let v = -1588 - -1664. Calculate the greatest common factor of 703 and v.
19
Suppose s + 10 - 42 = 0. Let f be (-14 - 2)/(3/(-30)). What is the greatest common divisor of f and s?
32
Let q be 4/(-6) + 51/9. Let y(r) = -2*r**3 - 4*r**2 - 3*r - 2. Let d be y(-2). Suppose -2*k = -d*k + 30. Calculate the highest common divisor of q and k.
5
Suppose 194 = 2*l + 4*d, 299 = 3*l - d + 5*d. Calculate the highest common factor of 63 and l.
21
Suppose -3*r = 5*m - 30, -3*m - 12 = -5*r + 4. Suppose -1 = 2*x - r. Let z be (x - (-6)/(-2))*-27. What is the greatest common divisor of 3 and z?
3
Suppose -5*c = 2*s - s + 8, -5*s - 4*c = -2. Let k(v) = v - 2 - 3*v + 6 - s. Let p be k(0). What is the greatest common factor of p and 10?
2
Let l be 4/(-8) + (-46)/(-4). Let r = 7 - l. Let c be (-146)/r - (-1)/(-2). What is the greatest common factor of 4 and c?
4
Suppose 3*f - 892 = 2*a - 6*a, 4*f - 1204 = 2*a. Suppose 0 = -10*y + 14*y - f. What is the highest common factor of 15 and y?
15
Let m(u) = -11*u - 72. Let x be m(-8). What is the greatest common factor of x and 1?
1
Suppose 2*q = -3*x - 2*q + 4769, -3206 = -2*x + 4*q. Calculate the highest common divisor of 55 and x.
55
Suppose o - 3*x + x - 7 = 0, -o - x = -1. Suppose -5*z = 3*l - 23, 3 = 2*l - o*l + z. Calculate the highest common factor of l and 3.
1
Suppose 5*w - 3*h - 339 = 0, -3*w = 2*h - h - 209. Let u be w/7 - (16/(-14) - -1). Calculate the greatest common factor of 10 and u.
10
Suppose -383*c - 93 = -386*c. What is the highest common divisor of 31 and c?
31
Let k(c) = 39*c + 119. Let h be k(-2). Calculate the greatest common factor of h and 1025.
41
Let x(a) = 3*a**3 - a**2 - 3*a + 2. Let b be x(2). Let c be (-3 - (1 - -16))*-4. Suppose -3*u + u = -c. What is the highest common factor of b and u?
8
Let l be (28/12 - 1)/(8/36). Let a be (3/(-1))/(5 + (-39)/l). What is the greatest common divisor of a and 3?
1
Let b(p) = 2*p**2 - 29*p - 54. Let h be b(16). Let j = -17 - -3. Let v = h - j. What is the highest common divisor of 32 and v?
8
Let q(s) = -s**3 + 6*s**2 - 5*s - 1. Let p be q(5). Let j be ((-3)/(-1) + p)*(-66)/(-12). Calculate the greatest common factor of j and 88.
11
Let r = -144 + 208. What is the greatest common divisor of 16 and r?
16
Let n(x) = -57*x + 5. Let r be n(-2). Suppose 2*q + 2*t + 0*t = 26, 0 = -3*q + t + 55. Calculate the highest common factor of q and r.
17
Let v(z) = -3*z**2 + 4*z - 4. Let i(t) = t**2 - t - 1. Let r(k) = 5*i(k) + v(k). Let u be r(-3). What is the highest common factor of 12 and u?
12
Let w be (-376)/141*9/(-2). Calculate the greatest common factor of w and 75.
3
Let l(q) = -q**2 - 27*q - 63. Let t be l(-24). Suppose -10*f + t*f + 85 = 0. Calculate the highest common factor of 17 and f.
17
Let f be (9/(-2))/(2/(-4)). Let s(y) = -8*y**3 + 2*y**2 - 6*y + 5. Let m be s(2). Let a = 0 - m. Calculate the greatest common factor of a and f.
9
Let g = 103 - 99. Suppose w + g*z = 23 + 16, -4*w = 4*z - 120. Calculate the highest common divisor of w and 243.
27
Let t = 65 - 55. Let v = -6 + 8. Suppose -v*l - l = -30. What is the highest common divisor of l and t?
10
Let m be 2/(-3)*(-10)/((-100)/(-15)). Let d be m - 84/(-9)*6. What is the highest common divisor of d and 19?
19
Suppose 34 - 178 = -4*n. Calculate the greatest common divisor of 234 and n.
18
Let t = -136 - -155. Calculate the greatest common factor of t and 247.
19
Let k(y) = -y**3 - 12*y**2 + 13*y - 10. Let m be k(-13). Let a = 23 - m. Suppose -a = 2*s - 159. Calculate the greatest common factor of 7 and s.
7
Suppose 0 = -5*r + d + 5, -6*r - d - 5 = -r. Let g = -2 + r. Let u be 119/9 - g/(-9). Calculate the greatest common factor of u and 26.
13
Let k = -37 + 63. Suppose 2*c = -2*a + 36, 0 = -5*c - 3*a - 0*a + 92. Suppose t - 84 = -c. What is the greatest common divisor of t and k?
13
Let v(n) = -n**2 - 9*n - 13. Let w be v(-6). Suppose w*b = 20, 5*b - 7 = -3*k + 25. Calculate the greatest common factor of 28 and k.
4
Let s = -2125 - -2419. What is the greatest common factor of 231 and s?
21
Let a = 191 + -171. What is the highest common factor of a and 36?
4
Suppose -3*